t b be -6 + 1 + 2450 + -3. Suppose 2606 = 8*q - b. Is q a prime number?
True
Let b(s) = -s + 18. Let l be b(15). Let z(a) = a + 1. Let m be z(4). Suppose -l*c = -5*t - 3196, 3*t = 2*t - m. Is c composite?
True
Suppose 87*r - 112*r - 2521489 = -10793339. Is r a composite number?
True
Let z = -6 - -4. Let o be 142/46 + 58/(-667). Is (-8 - z) + o - -590 a composite number?
False
Suppose 0 = -2*o - 2*f + 46, -3*o + 4*f = 2*o - 88. Suppose -4*x + 6*x = -4*y + 3066, -4*y = o. Is x a composite number?
False
Suppose -5 = -6*j + 5*j. Let u be j/((-105)/(-6))*7. Suppose 4*o + 4*k - 208 = 0, u*o + 2*k - 107 = 3*k. Is o composite?
False
Let n(p) = 918*p - 1105. Is n(66) composite?
True
Let g be ((-6)/4)/((-12)/(-64)). Is (24993/(-3))/(g + 5) a composite number?
False
Let x(v) = 138*v**2 + v - 501. Is x(-38) a prime number?
True
Is (-12)/(-30) + 5103/70*194 a composite number?
False
Let n = -5938 + 10132. Suppose 11*r = -7*r + n. Is r a composite number?
False
Let t(m) = -35*m - 6. Let b be t(-1). Suppose 0 = -b*u + 59276 + 98687. Is u a composite number?
True
Let j be (-26450)/(6 + -1)*1. Let o = 16041 + j. Is o a composite number?
True
Let y be 1385 - (0/(-3) + -6). Suppose f = 18854 + y. Is f a composite number?
True
Suppose -5*s + 22047 = 3*o - 39961, -3*s = -o - 37202. Is s a prime number?
True
Let q(m) = -135 - 403*m + 8*m + 90. Is q(-2) a composite number?
True
Let r = -51 + 57. Suppose r*n + 8603 = -5023. Let j = -1504 - n. Is j a composite number?
True
Let p be (-51)/(-68) + (-3)/4. Let k(b) = -9*b - 26*b**3 - 1 + p*b - 10 - b**2. Is k(-5) a composite number?
False
Suppose -11*r + 72*r = 26676581. Is r composite?
False
Suppose -s - 4*z = -94321, -5*s - 237*z + 471563 = -238*z. Is s a composite number?
True
Let g be (3 - 1 - -1) + (149 - 149). Suppose 6749 = g*d - 4*o, 2*d - 4289 - 211 = 2*o. Is d composite?
False
Let k be 8/(14/21*3/(-673)). Let i = k + 4562. Suppose 0 = 2*f + 2*p - 768, 0*p - 5*p = -5*f + i. Is f composite?
False
Suppose 1579112 - 2261933 = -104*t + 5411059. Is t a composite number?
True
Let i be (-30)/45 - (-74939)/3. Let u = i + -12656. Is u a prime number?
True
Let v = 151248 + -70177. Is v prime?
True
Suppose 32*z + 8388583 = 43*z - 2*c, -2*z + 5*c = -1525183. Is z prime?
True
Suppose 3 = -5*g - 3*o - 6, -2*o - 6 = -4*g. Suppose 7*m - 3079 = 18145. Suppose g = 8*q - 16*q + m. Is q composite?
False
Let z be (-7*2/7)/((-2)/(-13)). Let d(w) = -27*w + 128. Is d(z) a composite number?
False
Let h be (-7 + 4/4*3)*1173/4. Suppose -9438 = 5*i - 4*b, -2*i - 3*b - 3792 = b. Let s = h - i. Is s prime?
False
Suppose 0 = y + 2*n - 636303, -3*y + 16*n = 21*n - 1908910. Is y a prime number?
False
Let s = -17817 - -31228. Suppose -3*w = 2*w + 3*j - 16755, -s = -4*w - j. Suppose 2*n - 2*u - 1686 = 2*u, w = 4*n + u. Is n a prime number?
True
Suppose -14*m + 15*m = j - 5525, -5*m = -j + 5505. Let k = 10113 - j. Is k a prime number?
True
Suppose -59*u - 2072031 = -98*u. Is u prime?
True
Let s = -13631 - -119020. Is s composite?
False
Let s(m) = -m**2 - 8*m - 11. Let d be s(-5). Suppose 0*g + g + w = 5, -g + 2*w = d. Suppose -g*b - a + 589 - 57 = 0, 2 = -a. Is b a prime number?
False
Let b = 1156 + 1176. Let s = -1595 + b. Is s a composite number?
True
Let h(c) = 12*c**2 + 4*c - 13. Let v = -99 - -107. Is h(v) a prime number?
True
Suppose -4*i + m = -19, -3*m + 0 = -i + 2. Suppose -i*a + a + 4*t + 8 = 0, 5*t = 4*a - 7. Suppose -3*j + j + 793 = 5*o, -803 = -2*j - a*o. Is j a prime number?
True
Let b = -591837 - -1131566. Is b a composite number?
False
Let g(r) = -7*r**3 - r**2 - r - 2. Let h be g(-1). Suppose -5*f - h*k = -9690, 3*f + 21*k - 26*k = 5822. Is f a composite number?
True
Suppose -5*k + 4440796 = -3*y, -4*k + 0*k = -7*y - 3552646. Is k prime?
False
Let g = 482550 - 248611. Is g composite?
False
Suppose n = -2649 + 13469. Suppose 8*r = 4*r + n. Is r a prime number?
False
Suppose -h + 0*w - 4*w = -3, 5*w = 4*h + 30. Let v(s) = s**2 + 4*s - 15. Let z be v(h). Is (5753/2)/(4 - (-35)/z) a prime number?
False
Let d = 43214 + -21585. Let c = 38016 - d. Is c a composite number?
True
Suppose -21*p - 4*p - 50 = 0. Is (16760/24)/(p/(-6)) prime?
False
Suppose -43*j = -39*j + w - 3239919, -4*w - 20 = 0. Is j a composite number?
False
Let d(x) = -x**2 + 225*x + 15. Let r(v) = -v**3 - v**2 - v + 48. Let z be r(0). Is d(z) a composite number?
True
Suppose -c + 938852 = 201*x - 199*x, 2*x - 938840 = -3*c. Is x prime?
True
Suppose 0 = 45*z + 325753 - 2891248. Is z a prime number?
False
Suppose 0 = 3*n + 3*h - 6, 2*n + 3*h - 7 + 1 = 0. Suppose -165*g + 160*g + 6805 = n. Is g composite?
False
Let s be (4/(-36)*-6)/(10/(-45)). Is -6 + s + 10 - -18696 composite?
True
Suppose -4*z + 19*p + 76 = 16*p, 5*z - 96 = 4*p. Suppose -2*t + 2*h = -3896, 12*h - z*h - 1957 = -t. Is t prime?
False
Suppose -111*y + 541*y - 550071910 = 0. Is y a composite number?
True
Let j(l) = l + 11. Let x be j(-9). Suppose y - 502 = a, 2*y - 1972 = -x*y - 5*a. Suppose 4 = -2*b + y. Is b prime?
False
Let b = 1342 - 695. Let k = 11868 + b. Is k a composite number?
True
Let i(p) = 19123*p + 254. Is i(5) prime?
True
Let f(m) = -m**3 + 19*m**2 - 13*m + 25. Let y be f(19). Let w be (1380/(-45))/(4/y). Suppose -11*c = -13*c + w. Is c a composite number?
True
Suppose 4*x + 22 = 34. Suppose -x*o + r = -28601, 4*o = -3*r + 2*r + 38130. Is o prime?
True
Suppose 0 = -8*v - 51208 - 31944. Let n = v + 18475. Is n composite?
False
Let i = -180 + 196. Is -2882*(-5 + 72/i) composite?
True
Let u(k) be the second derivative of -k**3/6 + 29*k. Let m(b) = -6*b + 76. Let v(a) = m(a) - 5*u(a). Is v(9) composite?
False
Let a = 975562 - 379563. Is a a composite number?
True
Suppose -24*m + 8148721 = -31455719. Is m a prime number?
False
Let m = 186 - 32. Let h(v) = -v**2 - 7*v + 1. Let p be h(-3). Let g = m + p. Is g composite?
False
Suppose 5*o - 422173 = 734752 + 2038460. Is o a composite number?
True
Suppose 37*g = 30*g - 224. Let y(z) = -491*z + 157. Is y(g) prime?
False
Let q be (29 + -21)*(-2)/(-4). Suppose q*y - v - 26088 = 0, -2*y - 3*v - 19575 = -5*y. Is y prime?
True
Suppose 0*u - 4*j - 12 = -4*u, -4*j = 12. Is (-4 - (2 + 9287))*(u - 1) composite?
False
Let b(q) = -30*q**3 - 7*q**2 + 5 - 5*q + 10*q**2 + 8*q. Suppose 4*g + 2*y = -10, -5*y = g - 4*g - 1. Is b(g) a composite number?
False
Suppose -2*t + 2*c + 2 = 0, 3*t + 0*c - 5*c = 1. Suppose 0 = 2*b - t*j - 700, -4*b = -2*j - 50 - 1342. Is b composite?
True
Let g(m) be the first derivative of -9 - m + 0*m - 10*m - 14*m - 133*m**2. Is g(-8) a composite number?
True
Suppose -2087343 = -97*v + 70*v. Is v prime?
False
Let t = 116662 + -37553. Is t composite?
True
Is 1 - (-5)/(10/(-8)) - (-191435 + -153) a composite number?
True
Suppose 0 = -1865*y + 1795*y + 54011510. Is y prime?
False
Let x(v) = v**3 - 2*v**2 + 8*v + 16. Let t be x(5). Suppose 0 = -158*p + t*p + 17523. Is p a prime number?
False
Let c(j) = -3613*j - 917. Is c(-22) a prime number?
True
Let q(o) = o**3 - 12*o**2 + 6*o + 3. Let h be 1 + -1 + -1 + 10. Let l = 5 + h. Is q(l) prime?
True
Let a(b) = -2859*b - 2570. Is a(-7) a prime number?
True
Let w = -331665 - -1808716. Is w prime?
True
Let d be 40/(-30)*(0 + -3). Suppose d*i - 3 - 9 = 0. Suppose -4*n - t = -i*n - 188, -5*n + t + 922 = 0. Is n composite?
True
Let d(o) be the first derivative of 553*o**3/3 + 2*o**2 - o - 4787. Let s = -5 - -3. Is d(s) prime?
True
Let b(r) = r**3 + 14*r**2 - 29*r + 6. Suppose 40 = -2*x + 8. Let f be b(x). Is (-3435)/(-12) - (f/8)/7 a composite number?
True
Suppose 0 = 9*m - 6*m - 4*r - 14949, -3*m + 14967 = 2*r. Is m a prime number?
True
Let w(q) = -34*q**3 - 2*q**2 - 20*q - 13. Suppose -2*z + c + 0*c - 10 = 0, -2 = c. Is w(z) a prime number?
False
Suppose 2*f - 1998 = j, -3*j - 1874 = 2*f + 4152. Suppose 4*s = 3*s - 2. Is (s - -1) + j/(-1) a composite number?
True
Let t = -179 + 4602. Let l = t + -2540. Is l composite?
True
Suppose 0 = -3*h + 4*m - 7, -9 - 4 = h - 4*m. Suppose 6*j - h*j - f - 1950 = 0, -637 = -j - 4*f. Suppose -3*o + 1996 = j. Is o a composite number?
False
Suppose 29*s = 7*s - 22. Suppose 3*g + 793 = 4*w, w + 788 = -3*g - 0*g. Is -2 - s - -1 - g a prime number?
True
Suppose 536760 = 159*y + 2001817 - 20317846. Is y composite?
False
Suppose 3*i - 3*h + 0*h = 3, 9 = -i - 4*h. Is ((-2)/4)/